71 + j. Let f(g) = 125*g**3 - g**2. What is the remainder when f(1) is divided by b?
40
Let v(h) = 24*h + 491. What is the remainder when 266 is divided by v(-15)?
4
Let o = -55 - -65. Suppose 18*z - 280 = o*z. Suppose -58 = -5*j - 2*q, -2*j + 3*q + 0 = -27. What is the remainder when z is divided by j?
11
Let a(j) be the third derivative of j**6/60 - j**5/30 + 4*j**2. Let p be a(4). Suppose -15 = 3*t - p. Calculate the remainder when t is divided by 7.
6
Calculate the remainder when (120194/95)/((-4)/(-10)) is divided by 28.
27
Let v(u) = 9*u + 415. What is the remainder when 17248 is divided by v(-45)?
8
Let g be (-462)/(-35) + -2 - (-36)/(-30). Suppose o = -2*r - 0*r + 57, 0 = -4*r - 5*o + 123. Calculate the remainder when (663 + -8)*(1 + 1)/g is divided by r.
23
Let g = -126 + 137. Let v be 2703/6 - g/22. Let b = v + -211. Calculate the remainder when b is divided by 61.
56
Suppose -4*u - o + 139 = 0, 0 = 2*u + 3*o + 236 - 313. What is the remainder when 150 is divided by u?
14
Suppose 21 = 2*r - 5*g, 5*r - 41 = -0*r + g. Let b(k) = 2*k**3 - 17*k**2 + 9*k + 22. Calculate the remainder when 119 is divided by b(r).
29
What is the remainder when 604 is divided by (46 + -63)*(-6)/((-12)/(-22))?
43
Let d = 39 - 26. What is the remainder when 574/d - 12/78 is divided by 2 + (13/1 - -1)?
12
Let a(t) = -t**3 + t**2 - t. Let h(v) = -5*v**3 + 50*v**2 - 6*v - 10. Let s(m) = 6*a(m) - h(m). Calculate the remainder when 57 is divided by s(-44).
7
Let y be 618/((24/(-30))/((-4)/(-10))). Let f = -61 - y. What is the remainder when f is divided by 28?
24
Let j be (4/6)/((-8)/(-6))*16. Suppose 41 = -j*m + 105. Suppose -3*g = 20 - 56. What is the remainder when g is divided by m?
4
What is the remainder when 288 is divided by 47*(5/(-3 + -7))/(7/(-14))?
6
Let c(i) = -i**3 - 17*i**2 - 34*i + 6. Let t be (0 + (0 - 3))/(2/10). Let y(h) = 22*h**2 + 2*h - 1. What is the remainder when c(t) is divided by y(1)?
20
Let p(j) = -j**2 + 53*j - 377. What is the remainder when p(34) is divided by 177?
92
Suppose -2*w + l + 6 = 0, 4*w - 3*l = l + 4. Suppose -12 = c - w*y, 0*c - 29 = -3*c + 2*y. What is the remainder when 21/(-15) - (-642)/30 is divided by c?
7
Let b = 503 + 574. Let s = 45471 - 45411. Calculate the remainder when b is divided by s.
57
Suppose 27*p - 22*p - 96640 = -35*p. Calculate the remainder when p is divided by 62.
60
Let u(a) = 9*a + 5. Suppose 4*k + 17 = 5*o, 9*k - 4*k = -2*o - 46. Let p be u(k). What is the remainder when (-1 - (p - -1)) + -2 + 1 is divided by 13?
12
Let u(w) be the first derivative of -6*w**2 - 60*w + 146. Calculate the remainder when u(-9) is divided by 7.
6
Suppose 4*w - 103 = -47. Suppose 0 = w*p - 55*p + 3526. What is the remainder when p is divided by 29?
28
Let u = 1444 - 754. Suppose -u = -21*z + 213. Suppose -m = 2 - 11. Calculate the remainder when z is divided by m.
7
What is the remainder when 23391 is divided by 58/4 + (1166/44)/(-53)?
11
Let k(f) = -4*f - 30. Let s be k(-8). Suppose -4*n = -s*p + 20, 2*n = -2*p + 32 + 6. What is the remainder when 60 is divided by p?
12
Let p(d) = -d**3 + 11*d**2 + 4. Let t be p(11). What is the remainder when ((1370/15)/(-1))/(t/(-6)) is divided by 46?
45
Let x = 212 + -115. Calculate the remainder when x is divided by 35*(-5 + -3 + 9).
27
Let f = 2257 - 2200. Suppose 45 = 3*c - 3. Calculate the remainder when f is divided by c.
9
Suppose -5*z - 3*h - 2*h - 10 = 0, 0 = 5*h + 20. Let b(g) = z + 3*g - 5 + 6*g - 11. Calculate the remainder when b(5) is divided by 9.
4
Let n = -54 + 63. Suppose 4*v + 628 = 3*w + n*v, 4*w - 784 = 4*v. Calculate the remainder when w is divided by 41.
37
Let d = -579 - -583. Suppose 3*h + 8*m = 3*m + 87, -d*h + 133 = m. Calculate the remainder when 122 is divided by h.
20
Let p(l) = l**2 - l + 33. Let b = 64 - 69. Let o = 14 + b. What is the remainder when p(0) is divided by o?
6
Suppose -4*g + 6 = -114. Let q = -6 + g. Suppose -3*y - 327 = -3*n, 0 = -n - 2*y - q + 130. Calculate the remainder when n is divided by 22.
20
What is the remainder when -265*21/70*-2 is divided by 46?
21
Suppose -5*v - 3*b + 865 - 17 = 0, -4*v - 4*b + 680 = 0. Suppose 4*r = 5*r - v. Let j = r + 8. Calculate the remainder when j is divided by 36.
33
Let g(v) = 21*v - 10. Let b be g(1). Let x(l) = l**3 - 13*l**2 + 26*l + 16. Calculate the remainder when x(b) is divided by 24.
12
Suppose -24*f + 2478 = 3*x - 27*f, 4*x = 3*f + 3305. Calculate the remainder when x is divided by 36.
35
Let m(i) = 2*i**3 - 4*i**2 + 15*i - 13. Let t(f) = f**2 - 2*f. Let c(l) = m(l) + 5*t(l). What is the remainder when c(3) is divided by 22?
21
Suppose 28 = 5*p - 162. Let i(t) = -t**3 + 12*t**2 + 18*t - 20. Let g be i(13). Let n = -35 + g. Calculate the remainder when p is divided by n.
8
Calculate the remainder when 4/74 - 1214632/(-2812) is divided by 62.
60
Let k = -9144 + 9170. Let f = -9 - -16. Let t = k - f. Calculate the remainder when 92 is divided by t.
16
Suppose -206 = -5*g + 3*p, -2*g + 55*p - 50*p + 109 = 0. Calculate the remainder when 841 is divided by g.
27
Let v(l) = -40*l + 69. Let k be v(6). Let y = k + 186. Calculate the remainder when 359 is divided by y.
14
Let q = -8313 - -8328. What is the remainder when 2714 is divided by q?
14
Let y(l) = -l**2 + 3*l. Let b be y(-1). Suppose -80 = -4*r - 4*c, r - 102 = -4*r - 4*c. Calculate the remainder when b + (1 + -3)*-22 is divided by r.
18
Calculate the remainder when 561 is divided by (-2*15/60)/(2/(-384)).
81
Let i be -44*7*(-2)/(-4)*-2. Let t = i - 266. What is the remainder when 249 is divided by t?
39
Suppose -4*j - 5*d - 20 = 24, -4*d = 5*j + 64. Let u = 24 + j. Suppose 0 = 7*l - 148 - 111. Calculate the remainder when l is divided by u.
5
Let z(j) = j**3 + 40*j**2 - 51*j - 26. Calculate the remainder when z(-40) is divided by 56.
54
Suppose 3*l + 303 = 4*v + v, -241 = -4*v + l. Let z = v - 58. Suppose -3*q - z*o = -5*o - 24, -3*o = -4*q + 33. What is the remainder when 44 is divided by q?
8
Let n be ((-12)/21)/(11/(-77)). Suppose 176 = 3*o - z, 0*o - 4*z + 224 = n*o. Let b = -41 + o. What is the remainder when b is divided by 7?
3
Let y(o) = 663*o - 638. What is the remainder when 138 is divided by y(1)?
13
Let h(o) = o**3 - 3*o**2 - 7*o + 6. Suppose -b + 41*y - 14 = 39*y, -3*b + 2 = -2*y. What is the remainder when h(5) is divided by b?
5
Suppose 0 = -3*o + 6, 11*z - o + 214 = 15*z. Let u = 79 - z. What is the remainder when 47 is divided by u?
21
Let l = -3099 + 3378. Calculate the remainder when l is divided by 86.
21
Let r be (6/27 - (-326)/72)*72. Suppose 0 = -3*j - k + r, -5*j + 5*k + 191 = -359. Calculate the remainder when j is divided by 29.
26
Suppose -2*c + 5*i + 28 = 0, -c - 3*i - 8 + 0 = 0. Suppose 3 = o + c*n, -2*n + 4*n + 9 = o. Calculate the remainder when 27 is divided by o.
6
Let q(r) = -r**3 + 25*r**2 - 3*r + 92. Let h = -367 + 238. Let x = h + 194. What is the remainder when x is divided by q(25)?
14
Let s = -4161 + 4843. What is the remainder when s is divided by 67?
12
Suppose 587*k - 36633 - 3123 - 33019 = 1187. Let d = 6 + 29. What is the remainder when k is divided by d?
21
Calculate the remainder when ((-56)/(-644) + 203/46)*354/9 is divided by 2.
1
Let p be (-3)/12 - 405/(-36). Suppose -8*k = -p*k + 432. Let z = -37 + k. Calculate the remainder when z is divided by 18.
17
Suppose -36*k = -10*k - 442. Suppose -k*m - 102 = -306. Calculate the remainder when 141 is divided by m.
9
Suppose -30*x = -254513 - 12517. Calculate the remainder when x is divided by 318.
315
Let m(u) = u - 4. Let t be m(8). Let w = 1189 + -1174. Suppose -w = h - t*h. Calculate the remainder when 13 is divided by h.
3
Let p(u) = 2*u**2 + 82*u + 44. What is the remainder when 442 is divided by p(-42)?
58
Let j = 0 + 46. Suppose -5*z + j = -3*z. Calculate the remainder when 4*z/9 + (-14)/63 is divided by 4.
2
Let d be 1/(-4) + (-201)/(-4). Let u = d - 20. Suppose -q = x - 21, -3*q = -q - x - u. Calculate the remainder when 29 is divided by q.
12
Let w = 1660 - 1568. What is the remainder when 180 is divided by w?
88
Suppose -2*q + 114 = -5*s - 248, 5*s + 356 = -4*q. Suppose -2*o + 5 = 3. What is the remainder when (o - 20/12)*s is divided by 25?
23
Let g(c) = 8*c**3 - 19*c**2 + 30*c - 91. What is the remainder when g(5) is divided by 